(g)?
4
Let t(m) = 5*m. Let q(k) = -8*k - 1. Let u(n) = 4*q(n) + 7*t(n). Suppose 15 = 5*f - 10. Give u(f).
11
Suppose 51 - 15 = 12*d. Let g(j) = 6*j**3 - 3*j**2 + 15*j**3 + 14*j**3 + 2*j - 34*j**d. Let q = 3 + -1. What is g(q)?
0
Let m(j) be the third derivative of j**5/60 + j**4/3 + 3*j**3/2 - 797*j**2. Give m(-4).
-7
Let i(m) = -19*m + 26. Let u(s) = -18*s + 22. Let n(c) = 6*i(c) - 7*u(c). Calculate n(-2).
-22
Suppose -6*w + 35 = -w. Suppose w*p - 15 = 20. Let i(y) = -y**3 + 5*y**2 - 2*y + 5. Calculate i(p).
-5
Let h(v) be the first derivative of -v**4/12 - v**3 - 3*v**2/2 + 10*v + 5. Let q(w) be the first derivative of h(w). Calculate q(-2).
5
Let t = -80 - -81. Let w(l) = -13*l. Determine w(t).
-13
Let t = 87 - 36. Suppose -27 = t*p - 54*p. Let h(w) = w**3 - 8*w**2 - 10*w + 7. Give h(p).
-2
Let f(k) be the second derivative of 2*k**3/3 + k**2 - k. Suppose 4*o - 8 = -6*y + 2*y, 4*y - 4 = -3*o. What is f(y)?
-6
Let m = 143 - 140. Suppose 2*l - 12 = -2*x, -5*x + 2*l - 9 = -4*x. Let o(a) = x + m*a + a + 7 - 6*a. Give o(6).
-4
Let y(i) = 6*i**2 + 23*i - 10. Let m(l) = -5*l**2 - 22*l + 10. Let b(u) = 7*m(u) + 6*y(u). Determine b(16).
10
Let i(j) = j - 1. Let k be i(-6). Let n(g) = 7*g**3 + 19*g**2 + 8*g + 9. Let a(o) = 20*o**3 + 55*o**2 + 23*o + 27. Let m(x) = 6*a(x) - 17*n(x). Give m(k).
-5
Let v be 96/(-28) + 4 - (-699)/(-1260). Let g(b) be the third derivative of 0 + 0*b + 1/120*b**6 + 1/24*b**4 + 0*b**3 - 2*b**2 - v*b**5. Determine g(1).
1
Let j(t) = -51*t + 26*t - 2 + 25*t - 3*t**2. Let l(w) = 2*w**2. Let o be l(-1). What is j(o)?
-14
Let a(r) be the second derivative of r**5/20 - r**4/2 - r**3 - r**2/2 - 110*r. Determine a(7).
6
Let m(y) = -y**3 - 7*y**2 + 4*y - 6. Suppose 4*c - 9 + 41 = 0. Calculate m(c).
26
Let a(v) be the third derivative of -v**4/12 + 4*v**3/3 - 9*v**2. Let y be a(3). Let u(r) be the first derivative of -2*r**3/3 + r**2 + 2*r + 1. Calculate u(y).
-2
Let x(s) = 18*s + 98. Let d(w) = -8*w - 48. Let o(i) = 5*d(i) + 2*x(i). Calculate o(-13).
8
Let k(t) = 19*t + 18*t - t**3 + 1 + t**2 + 5*t**3 - 38*t. Let o be (8/4 - -1) + -1*2. Give k(o).
5
Let t(w) = 2*w + 7. Let h be t(-3). Let q(l) = -17*l + 35*l - 16*l - h. What is q(2)?
3
Let t(l) = l**3 + 5*l**2 + l - 3. Let j(k) = 2*k - 10*k + 0 + 5 - k**2. Let p be j(-8). Suppose -15 = 3*i + w + w, 0 = -p*i - 5*w - 25. Give t(i).
-8
Let c(v) = -2*v**2 - 7*v - 10. Let m(k) = 2*k**2 + 12*k + 18. Let w(u) = 5*c(u) + 3*m(u). Calculate w(-2).
-14
Let i(f) = f + 9. Let k be i(-9). Let h(c) be the second derivative of -c**4/12 + c**2/2 + 104*c. Give h(k).
1
Let k(n) = n**3 + 6*n**2 + 6*n + 9. Let h(l) = 3*l - 110. Let z be h(35). What is k(z)?
4
Let r(f) = 2*f**2 + f**2 + 19*f**3 + 2 - 3*f - 13*f**3 - 5*f**3. Determine r(-4).
-2
Let r(v) be the second derivative of 0 - v**2 - 11*v - 1/6*v**3. Calculate r(6).
-8
Let g(t) be the third derivative of t**4/6 - t**3/3 - 16*t**2 - t. Determine g(2).
6
Let g(w) = -27*w - 55. Let f(p) = -10*p - 18. Let x(b) = -8*f(b) + 3*g(b). Calculate x(-8).
-13
Suppose -14*z = -25*z - 77. Let n(p) = -p**2 - 4*p + 9. Calculate n(z).
-12
Let v(c) = -c**2 - 2*c. Let p(g) = -g**3 - 19*g**2 - 18*g + 18. Let r be p(-18). Suppose 2 = -10*s - r. Determine v(s).
0
Let r(m) = m**2 - 9*m + 3. Suppose v - 27 = -3*y, 5*v + y - 51 = 14. Suppose -3*u = -5*u + v. Determine r(u).
-15
Suppose 0 = -2*c - 8. Let a(w) be the third derivative of 1/120*w**6 + 0*w**3 + 1/12*w**5 + 11*w**2 + 1/8*w**4 + 0 + 0*w. Determine a(c).
4
Let r(t) be the first derivative of -31*t**4/2 + t**3/3 - t**2/2 + t + 295. Calculate r(1).
-61
Let m(r) be the first derivative of -r**5/120 - r**4/24 - 4*r**3/3 + 20. Let w(a) be the third derivative of m(a). Determine w(-2).
1
Let w(d) = -d**2 + d + 13. Let p be 30/(-7) + 174/609. What is w(p)?
-7
Let t(r) = 34 - 13*r - 11*r - 12 + 22*r. Calculate t(10).
2
Suppose w - 2*x + 22 = 5*w, -3*x + 12 = -w. Suppose -v = -7*o + 6*o + w, 0 = -2*o - 5*v + 13. Let u(z) = -z**3 + 3*z**2 + 4*z - 1. Give u(o).
-1
Let m(g) = -g**2 + 5 + 13*g - 3*g + 6*g - 13*g. Determine m(5).
-5
Let w(i) = -i**3 + 3*i**2 - 2*i - 1. Suppose -40 + 10 = -6*u. Let j be u + -5 - (-1 + -2). What is w(j)?
-7
Let q(v) = -v + 1. Suppose 0 = -f + 7 - 6. Let s be (2/(-2))/(f/4). What is q(s)?
5
Let z(y) = -y**2 + 9*y + 10. Let b(p) = 12*p**2 - 25*p + 10. Let v be b(2). What is z(v)?
18
Let b(z) be the first derivative of -3*z**3 + z**2 + z + 2. Let t(r) = -2*r + 32. Let x be t(13). Let s be ((-9)/(81/x))/((-6)/(-9)). What is b(s)?
-10
Let o(c) = -3*c + 19. Suppose -5*d + 3*m - 2*m + 8 = 0, 4*d - 2*m - 10 = 0. Let x(i) = i. Let w(p) = d*o(p) + 4*x(p). Determine w(0).
19
Let b be (72/(-21))/(92/(-322)). Let m(f) = -3*f + 38. Calculate m(b).
2
Suppose -h - 4*h - 25 = 0. Let b(v) = 17*v**2 - 2*v - 9. Let t(d) = 12*d**2 - d - 6. Let x(i) = h*b(i) + 7*t(i). What is x(4)?
-1
Let a(t) be the second derivative of -9*t**3 + t**2 + 140*t. Calculate a(1).
-52
Let j(i) = -4*i + 4. Let y be (4/2)/2 + 3. Let d(q) be the third derivative of q**4/8 - 3*q**3/2 + 20*q**2. Let n be d(y). Calculate j(n).
-8
Let o(b) be the third derivative of b**5/30 + 3*b**4/8 + 3*b**3/2 - 3*b**2 + 11. Give o(-6).
27
Let g(w) = 2*w**2 + 2*w + 1. Suppose 2*t - 23 - 21 = 0. Let u be 2/(-11) + (-422)/(-22). Let b = u - t. Give g(b).
13
Let j(n) be the first derivative of -n**2/2 + 6*n - 41. Determine j(16).
-10
Let z(c) = -c + 3. Let y be z(5). Suppose 0 = 3*t - 1 - 20. Let i(w) = 2*w**2 + 6 + t - 18 + 8 + 3*w. Determine i(y).
5
Let h = 110 - 110. Suppose -3 = -h*o - 2*o - 3*y, -16 = o + 5*y. Let l(x) = -x + 5. Calculate l(o).
-4
Suppose -19*n - 113 = -37. Let d(g) = g**2 + 5*g + 4. Determine d(n).
0
Let l(g) be the first derivative of -8 - 1/2*g**2 - 2*g. Let a = -10 - -4. Determine l(a).
4
Let m(x) = -7*x + 3. Let r = -155 - -149. Calculate m(r).
45
Suppose -r - 2 = -2*r. Let u(a) = r*a**3 - 3*a**3 - 2 + 5*a + 3*a**2 + 0*a**2 + 1. Let o = -15 - -19. Give u(o).
3
Let l(k) = k**3 + 11*k**2 - 2*k - 15. Let r(m) = -m**3 - 7*m**2 - 7*m + 9. Let x be r(-4). Determine l(x).
7
Let y be 5/5*-1 - -5. Let a(r) = r**3 - 3*r**2 - 2*r + 2. Calculate a(y).
10
Let z(u) = -2*u**2 + 11*u - 23. Let i(o) = -3*o**2 + 19*o - 47. Let r(c) = -3*i(c) + 5*z(c). Give r(-6).
2
Let c(n) = -n**2 + 16*n - 29. Let s be c(12). Suppose -s + 11 = 4*x. Let w(m) = 4*m**2 + 2*m + 2. What is w(x)?
14
Let j(a) be the first derivative of -4/3*a**3 + 1/4*a**4 + 1/360*a**6 + 5 + 0*a**2 + 1/24*a**5 + 0*a. Let f(z) be the third derivative of j(z). Give f(-5).
6
Let s(z) = 15*z - 18*z + z**2 - 4 - 1 - 1. Give s(6).
12
Let v(p) be the first derivative of p**2/2 - 4*p - 526. Give v(4).
0
Let a = -35 + -6. Let u = -37 - a. Let b(x) = x**2 - 2*x + 1. What is b(u)?
9
Let u(h) = -4*h**2 + 9*h + 13. Let g(k) = -k**2 + 2*k + 3. Let a(d) = -9*g(d) + 2*u(d). Determine a(-2).
3
Let r(x) = -x**2 + 6*x + 12. Let g be r(7). Suppose s + 1 = q, g*q - 5 = -0*q - s. Let u(b) = -21*b**3 + b. Give u(q).
-20
Let a(f) = -f. Let b(k) = k**2 + 5*k. Let o(d) = -3*a(d) - b(d). Let u = 227 + -224. Give o(u).
-15
Let k(y) = 6*y - 6. Let z(j) be the first derivative of -j**2 + 2*j + 21. Let u(l) = -3*k(l) - 10*z(l). Suppose 3*v + 2*m - 9 = 2, -m = 3*v - 10. Give u(v).
4
Let d(i) = -397 - 401 + i + 796 + 10*i**2. Determine d(1).
9
Let s = 12 - 6. Let d(r) = 7*r**3 - 5*r**2 - 7*r + 28. Let c(z) = 3*z**3 - 3*z**2 - 4*z + 13. Let o(p) = 5*c(p) - 2*d(p). Calculate o(s).
9
Let l(r) = 2*r**2 - 2*r - 2. Let d(w) = 16*w**2 - 11*w - 12. Let j(f) = -d(f) + 6*l(f). Determine j(-4).
-60
Suppose -58*u + 21*u - 148 = 0. Let w(b) = b**3 - b**2 - 5*b - 6. Calculate w(u).
-66
Let v(b) = -b**2 + 3. Let w be v(0). Let y(g) = -g**3 + 3*g**2 + 3*g - 7. Let o(j) = -5*j**3 + 15*j**2 + 16*j - 37. Let l(u) = 2*o(u) - 11*y(u). Give l(w).
0
Let o(q) be the first derivative of 5*q - 11 + 1/2*q**2. Determine o(0).
5
Let c(m) be the first derivative of -m**4/4 + 2*m**3 + 8*m**2 + 10*m + 258. Determine c(8).
10
Let j(r) = -2*r**3 - 3 + 0*r**3 + 4. Let k = 3633 + -3632. Calculate j(k).
-1
Let l = -5 + 15. Suppose 5*m = m + 3*y - 29, 5*m + 5*y + l = 0. Let k(c) be the first derivative of 3*c**2/2 + 4*c + 36. Determine k(m).
-11
Let b(q) = 24*q**2 - 3*q - 31. Let y(t) = -11*t**2 + 2*t + 15. Let x(v) = -6*b(v) - 13*y(v). Give x(-7).
-2
Let c(